 of 18 - (-11 - (135 - 122 - (10 - 2)))?
34
17 + 17 + (1 - 6 - 4)
25
What is 24 + (-24 - 17) + 45?
28
What is -12 + (0 - 5) + (25 + 5 - -16)?
29
What is (-104 - (-129 - -68)) + 76?
33
Evaluate 66 + (-10 - ((4 - -6 - 16) + 2)) + -13.
47
Evaluate -1 + -1 + -2 + 1 + (-298 + 71 - -218).
-12
-11 + -2 + -5 + 37 + -13 + -64
-58
(1 + (-2 - -1) + -7 - (-3 + -3)) + 95
94
Evaluate (17 - (14 - 20)) + 7 - -14.
44
152 + (-114 - 53) - (-46 - (4 + (-7 - -2)))
30
Evaluate -47 - 7 - (0 + 2 - 3) - (79 + -76).
-56
Evaluate -84 - (-35 + 11 + 17 + 20).
-97
-42 + (24 - 38 - -22)
-34
(8 - 1) + 1 - (-104 - -499 - 435)
48
What is 2 - 15 - (168 - 162) - -16 - -73?
70
Calculate -32 + 25 + (1 + (-4 - 2) - 1).
-13
22 - (72 + -49) - (1 + (-3 - -3))
-2
What is -1 - (-1 + -76) - (100 - 89)?
65
Evaluate 21 + (0 - 1 - (-289 + 287)).
22
What is 20 - 14 - ((-9 - (-15 + -1)) + (-1 - 6))?
6
(0 + -19 - (-47 + 42 - -5)) + 45
26
What is (-53 - 61) + 82 - (1 + -20)?
-13
What is -9 + (-27 - -15) + -21 - (-6 + 8)?
-44
Evaluate 179 + -4 + 14 + -34 + -17.
138
Calculate (5 - -1) + 6 + -53 + -12.
-53
Evaluate 1 + 0 + 15 + -5 + 3 + (49 - 7).
56
What is the value of 5 - -6 - (13 - (-17 - -56 - -7))?
44
What is the value of -2 + 45 + 1 + 8 + (-129 - -129)?
52
What is the value of (-1 - 36) + -26 + 29 + -4?
-38
What is the value of 51 + 20 + -44 + -66?
-39
Calculate (0 - (-9 + (4 - (-5 - 4 - 3)))) + 43.
36
(-160 - 46 - -230) + 10 + 0 + -1
33
What is the value of 54 + (-137 - -27 - -60)?
4
Evaluate -34 + 24 + 54 + -52.
-8
What is the value of (4 - (-3 - -2)) + (-12 - (19 - 21) - 36)?
-41
-23 + (21 - 16) - -43
25
What is 11 + -11 - (1 - 4 - (42 + -33))?
12
What is 18 + (-12 - (27 + (-20 - -6))) + 13?
6
Calculate (-5 + -69 - -213) + -96.
43
Calculate 2 - ((9 + 7 + 10 + -16 - 3) + -4).
-1
Evaluate 0 + 1 - (4 + (-48 - -39) + -22) - 6.
22
What is the value of -1 - 13 - (185 - 155)?
-44
Evaluate -9 + -21 + (-20 - (15 - 60)) + 37.
32
Calculate 15 + 9 + -18 - 32 - (2 + 1).
-29
-23 + (-38 - (23 + -62 + 76))
-98
(-5 + 41 + 14 - 48) + 50 + -1
51
Evaluate -35 + (-62 + 46 - (-1 + -59)).
9
Calculate 26 + -1 + (2 - 0) + (13 - 3) + 2.
39
Evaluate (-18 - -10 - -19) + -20 - (8 + 3 - 1).
-19
Calculate (4 - 1) + 53 + (-16 - 10).
30
Calculate 66 - (94 + (38 - -5)).
-71
174 - (101 + (36 - 36))
73
What is the value of (-41 + 37 - -41) + -38 + 83?
82
Calculate (-11 + 22 + -15 - (-9 + -4)) + 27.
36
-16 + (1250 - 1238) + 2 + (3 - 2)
-1
What is the value of -10 + (23 - ((22 - 36) + 33)) + 2 + -18?
-22
What is the value of (-5 - -3 - -8) + -99 + 30 + (-42 - -24)?
-81
Evaluate 77 - 7 - 131 - 4.
-65
What is -511 + 484 - (48 - -6)?
-81
(24 - (56 + -22 + -7)) + (1 - -57)
55
Calculate 36 - ((-4 - -25) + -3).
18
What is 14 + (-1 - 3) - (-11 - -32) - -29?
18
What is the value of -47 - ((-90 - 47) + -12)?
102
What is the value of -5 + 0 + (56 + 13 - 26)?
38
What is -23 - (10 + 36 + -34 + (6 - -2) + -17)?
-26
Evaluate 41 - (3 - (-1 - (31 + -34))).
40
74 - 68 - (-19 - (4 + (3 - (-3 - -5))))
30
13 + (10 - -5 - 9 - 26) + 11 + 68
72
Calculate -30 - (-33 + (19 - -31) + -17).
-30
What is the value of -2 + 27 + -28 - (9 + 80 - -7)?
-99
-44 - ((-39 - -78) + (12 - 88))
-7
What is the value of (-66 + -40 - -104) + (8 - 1)?
5
What is the value of 183 - 64 - (36 - (-3 + 15))?
95
Calculate -5 - -59 - (-870 + 951).
-27
-10 + 2 - (-5 + 77 + -115)
35
What is the value of 15 + (2 - 43 - -101) + -47?
28
What is (7 - (-11 + 2 + 17)) + 3 + 1?
3
Calculate -15 + (24 - (-33 + 26 + -1)).
17
Evaluate 42 + 6 + 27 + -69.
6
What is the value of -63 + 103 + -20 - -54?
74
What is the value of (7 + (-1 + 3 - -5) - 38) + 1?
-23
Calculate 7 + 2 - ((-7 + 59 - 22) + -1).
-20
Calculate 134 - (302 - (75 - 6)).
-99
Calculate 72 + (-42 - (-12 + -29 + 19)).
52
110 - (13 + -6 + -6 + 3) - 14
92
Evaluate (9 - 62) + 33 + 8.
-12
Calculate -23 + 26 + -25 + 35.
13
Evaluate (-7 - -6 - (4 + -2)) + 14 + 12.
23
What is the value of -36 + 11 - (2062 - 2000)?
-87
Calculate 55 - ((118 - 45) + -34).
16
(-3 + -7 - -12 - (14 + -60)) + 19
67
Calculate 37 + (97 - 43 - 8) + (-2 - -1).
82
What is -1 + 12 + -4 - (-19 - (-227 - -98))?
-103
Evaluate -97 - ((-8 - (20 - 13)) + 26) - -14.
-94
1 + -2 - (15 + 13 + -24 + (9 - -20))
-34
4 - (-1 + 5 + -6 + (-9 - 23))
38
14 + (-13 - (-16 + 20 + 0))
-3
Calculate 4 - -103 - 3 - (0 + 17 + (-6 - 17)).
110
-63 + 92 - (6 - -83)
-60
Calculate 35 - (30 + -47 + 75).
-23
What is -41 + -2 + (88 + -101 - (-4 - 11))?
-41
What is the value of (-602 - -672) + (13 - 10 - (-17 + 0))?
90
Calculate 5 - 1 - (-576 - -602 - (1 + 0)).
-21
Evaluate 52 + (91 - 153) - -66.
56
9463 + -9473 + (-35 - -1 - -1) - -13
-30
(47 - (43 - -14)) + 0 + 23 - 49
-36
(-34 - -1) + (-3 - ((-24 - 12) + 17))
-17
Evaluate (6 - (5 + 11)) + 3 + -1 - -5.
-3
77 - (60 + -16 + -6)
39
(25 - 34) + 0 + 46 - 31
6
What is 268 + -250 + (-5 - (8 - 6)) + -64?
-53
-272 - -294 - (0 - (-1 + -1))
20
Calculate (-76 - -2) + -28 + 4 + (-9 - -48).
-59
What is the value of 75 + -38 + -44 - 43 - 7?
-57
What is the value of (5 - 12) + 0 - (-33 + 63)?
-37
Calculate -108 + 68 + 45 - (16 + -1).
-10
What is the value of -22981 + 23009 - (14 + -2)?
16
Calculate -20 + ((2 - (5 + -4)) + 9 - 3) - 79.
-92
Evaluate -14 + -22 - ((-8 - 1) + 2) - 6.
-35
What is the value of 9 + -4 + 9 + -44 + 101 + 16?
87
Calculate 4 - 42 - (-11 - (32 + -63)).
-58
What is the value of -7 - ((1 - -17) + (2 - 11) + -11) - -76?
71
Evaluate 41 - (18 - (-11 + 31)).
43
Calculate 592 - 634 - (1 + 63).
-106
Evaluate -14 + 40 + -17 + 2 + -3 + 3 + -75.
-64
-18 - (2 + -19) - (28 - 109)
80
What is the value of (-97 - -47) + (-6 - (-11 - 7))?
-38
Evaluate -36 + (-39 + 72 - 23).
-26
What is the value of 4 + -26 - (19 - 107)?
66
Evaluate -2 + (0 - -5) + (-17 - (-25 + 13 + -1)).
-1
Calculate -13 + (5 - (32 - 38) - (-1 + 87)).
-88
What is -113 - -74 - (151 - 154)?
-36
Evaluate -1 - (66 - 85) - 87.
-69
What is the value of 10 - (56 + -14 + -31 - (-1 + 45) - 3)?
46
-31 + 41 - (-73 - (0 + -17 + (-1 - -12)))
77
What is 2 - (88 - 1) - (4 + (-3 - -53 - 52))?
-87
Evaluate (-13 - -22 - 16) + -6 + 21 + 14.
22
-133 + 94 - ((-22 - -29) + (-15 - -1))
-32
What is the value of (-1 - -57) + (-5140 - -5092)?
8
Evaluate (6 - -10) + -12 - 38.
-34
What is the value of (-38 - (26 + -47)) + 17 + -29?
-29
What is the value of -9 - (-7 - 6) - (-1 - (-8 + 4 - 51))?
-50
Calculate (10 + 2 + -27 + 8 - (3 - 5)) + -7.
-12
What is -3 - (0 + 3 - -3) - (475 + -523)?
39
What is 0 + -20 + (4 - (16 + 9 - 25))?
-16
Calculate -14 + -9 + 14 - (-61 + 6 - -7).
39
Evaluate 44 - (71 + -31 - 33).
37
What is the value of -9 - (-86 + (-23 - (-17 + 12)) + 17)?
78
What is (-3 + 0 + 5 - 7) + 1 + (-15 - -39)?
20
-2 + (-182 - -283) + -16 + 6
89
Evaluate (63 - 32) + -25 - 48.
-42
Evaluate -114 - ((-265 - -145) + 122).
-116
Calculate 36 - (-24 + 37 + -15 + 3).
35
Calculate -13 - -2 - (-1873 + 1849).
13
What is (61 - 62) + (43 - 1) + -46 + 46?
41
What is the value of -12 - (22 - -3) - -58?
21
Evaluate (-13 + 10 - -12 - 5) + 40 + (-4 - 2).
38
What is the value of -28 + (22 - 22) + -11 - 5?
-44
94 + (-15 - 89) + -93
-103
Evaluate 3 - 45 - (13 - (3 - (-2 - 5)) - 8).
-37
(4 + -62 - 1) + 17
-42
Evaluate -17 - (1 + 21 + 3 + 19).
-61
Evaluate (49 - (-43 - 8)) + 8 + (1 - 2).
107
Evaluate (16 + -4 - 1) + -8 + 4 - (-1 + -28).
36
What is the value of -1 + (3 - 3) - (-12 + 8 + 40)?
-37
What is the value of -155 + (24 - -110 - 75)?
-96
What is (10 - 0) + (36 + 40 + -75 - (-1 - 53))?
65
Calculate (195 - 225) + 22 + (-1 + 6 - 7).
-10
What is (-2 + 5 - -4) + (8 - (4 - (4 - 11)))?
4
11 + -2 + -3 + 1 + (607 - 642)
-28
What is -3 - (-2 + -8) - (16 + -21 + 17)?
-5
What is -18 + (43 - (-10 + -6)) + 7?
48
What is 46 + (-29 - (-92 - (-30 - -2)))?
81
-14 + (-18 - -65 - 7)
26
What is -61 + 0 + (1 - (4 + -2)) + 17571 + -17580?
-71
What is the value of (-4 - -2 - 3) + -2 + -29 + -1 + -5?
-42
Calculate -27 - (36 + 3 + (-308 - -288)).
-46
Evaluate 7 + (-43 + 67 - (-3 - 1 - 5)).
40
Calculate -8 + 17 - -9 - (29 + 11 + -13).
-9
What is -103 + 35 + -30 + 26?
-72
What is the value of -2 + 15 + (-2 - ((-10 - -30) + -11))?
2
What is the value of 7 + -48 + (-85 - -57)?
-69
Evaluate (18 - 23) + -44 + 7.
-42
What is the value of 1 - (-37 - (33 + -124))?
-53
What is the value of -5 - (7 + -2 - (51 + -60 - 83))?
-102
Calculate 0 - 46 - ((-3 - -1) + -168 + 16